f u?
8
Suppose -u - 4*n = 3*u - 8488, -3*n = 12. What is the tens digit of u?
2
Suppose -8*v - 5*v + 26 = 0. What is the tens digit of (0 - 2)*(0 - 47/v)?
4
Let i = -1045 - -1114. What is the tens digit of i?
6
Let c(t) = 2*t - 13. Let i(x) = x + 1. Let o(l) = c(l) - i(l). Let h be o(6). Let a = h - -14. What is the units digit of a?
6
Let z(r) = -23*r**2 - 7*r + 25. Let o(c) = 12*c**2 + 3*c - 12. Let w(u) = -5*o(u) - 3*z(u). What is the tens digit of w(3)?
8
Let o = -741 - -1241. What is the hundreds digit of o?
5
Let j(z) = z**2 + 9*z - 6. Let a be j(-9). Let r(x) = -x**3 - 2*x**2 + 3*x + 9. Let u be r(a). Suppose -2*s + u = 3*s. What is the units digit of s?
7
Let w be ((-250)/4)/((-10)/(-20)). What is the tens digit of (-4 - -11)/((-5)/w)?
7
Let l = 35 - 7. Suppose 3*s - 9*s + 102 = 0. Let k = l - s. What is the tens digit of k?
1
Suppose -5*v - 4*c - 8 = 0, -v - 5*c - 10 = v. Suppose -4*n + 1 + 435 = v. What is the hundreds digit of n?
1
Let d = -12 - -20. Let o(c) be the first derivative of c**4/4 - 7*c**3/3 - 7*c**2/2 - 5*c - 28. What is the units digit of o(d)?
3
Suppose 113*q - 112*q = 852. What is the units digit of q?
2
Suppose 0 = 2*h - 2*a - 888, -8*h - 4*a + 2265 = -3*h. What is the units digit of h?
9
Let a(h) be the second derivative of 5*h**3/6 - 4*h**2 - 13*h. What is the units digit of a(14)?
2
Suppose k + 5*q = -3*k + 17, -41 = -4*k + 3*q. What is the units digit of 1*(-12)/k*(-206)/3?
3
Let n be (-5440)/(-70) + (-2)/(-7). Let y be (-112)/(-3) + 4/6. Let m = n - y. What is the units digit of m?
0
Suppose 337*j - 299*j = 82612. What is the tens digit of j?
7
What is the tens digit of ((-31045)/(-105))/(1/3)?
8
Let f be (12/(-9))/(10/(-555)). Suppose -w + 95 = -2*k - 2*k, -3*k + f = w. What is the tens digit of w?
8
Let f = 2567 - 1176. What is the tens digit of f?
9
Suppose 5*h = 36 + 2604. What is the hundreds digit of h?
5
Let y be 9669/15 + (-5)/(-75)*6. Suppose y = 5*l - 5*j, -395 = -3*l - 0*l + j. What is the tens digit of l?
3
Let n(b) = b - 2. Let m be n(4). Suppose -5*c + 614 = m*p, 2*c - 3*c = p - 304. What is the hundreds digit of p?
3
Let k = 30 - 26. Let p(u) = 11*u + 1. What is the tens digit of p(k)?
4
Suppose 136*n + 20 = 140*n, 4*u - 5351 = n. What is the tens digit of u?
3
Let r = -18 + 23. Suppose 2*v - r*v = 0. Suppose -m + 22 = -v*m. What is the tens digit of m?
2
Let s = -26 + 22. What is the units digit of (-1)/(-1)*(s - -50)?
6
Let w = -18 + 22. Suppose -b = w - 21. What is the tens digit of b?
1
Suppose 0 = 2*s - r - 377, -3*s + 3*r = -r - 563. Let x = -135 + s. What is the units digit of x?
4
Suppose 14811 = -25*v + 75611. What is the tens digit of v?
3
Suppose 15*g - 15552 = 11*g + 4*n, -7764 = -2*g + 5*n. What is the hundreds digit of g?
8
Let b be (-4)/((-8)/(-6)) - (0 + -57). Suppose 4*a = b + 46. What is the tens digit of a?
2
Let u(f) = f**2 + 5*f - 2. Let p(c) = -2*c + 6. Let o be p(6). Let r be u(o). Suppose 3*j - 3*w = 99, 0*j - r*j - 2*w + 156 = 0. What is the units digit of j?
7
Let g(h) = h**2 - 3*h + 4. Let j be g(4). Let c = -12 + j. What is the units digit of 1 - (86 + -2)/c?
2
Suppose -4*j = 2*g - 1068, -5*g = 6*j - j - 1345. What is the units digit of j?
5
Suppose t - v = 1302, 10*v = 13*v + 3. What is the hundreds digit of t?
3
Suppose -g = -2*i + 53, 0*g + 18 = 6*g. What is the units digit of i?
8
Suppose 2 = 2*x - 2. Suppose 0 = -3*u - x*u + 85. Let g = u - 12. What is the units digit of g?
5
Let b(o) = 69*o - 7. Suppose 5*u = 4*u + 5. Let y be b(u). What is the tens digit of y/8 + 9/(-36)?
4
Suppose 21 = -5*h + 11. What is the tens digit of ((-181)/h - 2) + 1/2?
8
Let l be 2/1*(-44)/(-2). Let a be (33*14)/6 - 6. Let f = a - l. What is the units digit of f?
7
What is the tens digit of 12/(-6) + (-3 + 2)*-878?
7
Suppose -3*k = 5*w - 4142, -47*k = -5*w - 42*k + 4150. What is the tens digit of w?
2
Let p be ((-3)/9*1)/(2/(-618)). Let g = p + -73. What is the tens digit of g?
3
Suppose 251*h = 256*h - 5110. What is the thousands digit of h?
1
What is the thousands digit of (-38 + 43)/(5/(-2)) - -4026?
4
Suppose 4*n = 3*b - n - 2424, -4*n = 5*b - 4077. What is the hundreds digit of b?
8
Suppose 10552 = 4*y + 4*m, 9*m - 8*m = 5. What is the thousands digit of y?
2
Suppose -17*a + 16*a + 4*q = -578, -3*a + 1679 = -q. What is the hundreds digit of a?
5
Let r(s) = -s**2 + 4*s - 2. Let w be r(2). Suppose -2*f = -32 - w. What is the units digit of f?
7
Suppose 2*r - 6 = -0*r. Suppose 9 + 1 = 2*g. Suppose 0 = -2*y + g*p + 58, -3*y + r*p + 69 = -0*y. What is the units digit of y?
9
Let y(k) = k**2 - 7. Let i be y(-4). Suppose 2*a - 2*g = -5*g - i, 3*a - 3*g = 9. What is the tens digit of 0 - (-30 - a/4)?
3
Suppose 6*j - 12 = 2*j. Suppose -v = -0*v + j*l - 32, v - 32 = 2*l. What is the tens digit of v?
3
Let l(z) = z**3 - 7*z**2 + 5*z + 2. Let o be l(6). Let s(y) = -10*y + 15. What is the tens digit of s(o)?
5
Suppose -10*x = -4*x - 210. Suppose -k + 12 = 2*k. Suppose 5*j - x = -a - k, a - 3*j + 1 = 0. What is the units digit of a?
1
Let a = -48 - -52. Suppose -a*s - 6 = -j + 135, 0 = -4*j + 5*s + 619. What is the hundreds digit of j?
1
Let b be (-18)/(-6)*70/3. Suppose 2*i + b = -0*i. What is the units digit of (-10)/i - (-10)/14?
1
Suppose -3*v + 121 = -2*p + 4449, -3*v + 6522 = 3*p. What is the units digit of p?
0
Let q(b) = -8*b**2 + 2*b + 7. Let k(g) = -7*g**2 + 2*g + 6. Let h(l) = 5*k(l) - 4*q(l). Let m be h(2). Let d = m + 27. What is the units digit of d?
1
What is the hundreds digit of (-12)/(-10)*19940/12?
9
Let v be -1*2/3 + (-21912)/(-198). Let y(p) = p**3 - 3*p**2 + 2*p - 2. Let i be y(3). Suppose i*g = v + 2. What is the units digit of g?
8
Let s be (4 - 11)/((-1)/2). Let h be ((-180)/s)/((-9)/(-42)). Let p = -20 - h. What is the units digit of p?
0
Let y = 6489 + -3090. What is the units digit of y?
9
Suppose t = 15 - 12, 5*s - 2615 = -5*t. What is the units digit of s?
0
Suppose 4*m - 3*h - 2 = 3*m, -6 = -3*m + 4*h. Let x(p) = p. Let s(y) = -y**2 + 4*y + 4. Let z(v) = m*x(v) + s(v). What is the units digit of z(6)?
4
Suppose 1828 = 4*t - 4*i, 4*t - 4*i - 1371 = t. Let j = -260 + t. What is the tens digit of j?
9
What is the units digit of 3 - -791 - (-20 - -15)?
9
Let q(w) = -35*w - 18. Let a be q(-5). Let c = a + -111. What is the tens digit of c?
4
Let s = 3 - 0. Suppose 3*j = 3*g - 3, g = 2*g + s*j - 5. Suppose g*p - 39 = -p. What is the tens digit of p?
1
Suppose 3*p - 17 = -o - 306, -5*o = -10. Let r = p - -164. What is the tens digit of r?
6
Suppose 0 = p + 3*p + 5*l - 340, -p + 3*l + 102 = 0. Suppose 27 + p = 3*t. What is the tens digit of t?
3
Suppose -2*n + 1240 = 2*t, 3*n - 4*n = -4*t + 2505. What is the tens digit of t?
2
Suppose 0 = 6*z - 1259 - 2119. Suppose z = 5*x - 957. What is the tens digit of x?
0
Let c(b) = -66*b + 159. What is the tens digit of c(-11)?
8
Let p = 1622 + 1798. What is the thousands digit of p?
3
Let a = 4119 + -2528. What is the thousands digit of a?
1
Let g(i) be the first derivative of i**3/3 + 7*i**2/2 + 6. Let q be g(-5). Let p = q + 20. What is the units digit of p?
0
Let t = -75 + 42. Let b = t - -43. What is the tens digit of b?
1
Let b(t) = -2*t**2 + 3*t + 5. Let a be b(4). Let o = a + 18. What is the units digit of (18/(-15))/(o/(-45))?
8
Let d = 68 + -43. What is the tens digit of d?
2
Let b be (1 + 1)*363/22. Suppose b = 2*y - 13. What is the units digit of y?
3
What is the tens digit of 413/133 + -3 - (-617100)/190?
4
Let q(u) be the third derivative of 17*u**4/24 + 5*u**3/2 + 6*u**2. What is the tens digit of q(16)?
8
Suppose -11*f + 2418 = -8*f. Suppose -3*c - 5*v + 246 = -352, -4*c + 2*v + f = 0. What is the units digit of c?
1
Let u = 42 + 221. What is the hundreds digit of u?
2
Suppose -j - 3*j + 2*q = 8, 3*q - 12 = 4*j. Suppose j*m + 2*m = 3*i - 33, 3*m = 3*i - 33. What is the tens digit of i?
1
Suppose 385*r = 388*r - 3, -2*r = -4*h + 3642. What is the units digit of h?
1
Let b(z) = 3*z - 11 + 2 - 8 - 7. Let i be b(9). Suppose -o = 2*h + i*o - 94, 4*o = 3*h - 121. What is the units digit of h?
3
Suppose -3*b = -9 + 24. Let t(v) = -v**3 + 2*v**2 + 11*v + 4. What is the hundreds digit of t(b)?
1
Let v be (13 + -5)/(4/200). Suppose -22*a + 27*a = v. What is the tens digit of a?
8
Let b(z) = 7*z**2 - z + 1. Let v be b(5). S